{"id":78,"date":"2025-02-08T21:21:21","date_gmt":"2025-02-08T20:21:21","guid":{"rendered":"https:\/\/amicale-ccff-pugetsurargens.org\/?page_id=78"},"modified":"2025-02-09T17:10:52","modified_gmt":"2025-02-09T16:10:52","slug":"plan-dacces","status":"publish","type":"page","link":"https:\/\/amicale-ccff-pugetsurargens.org\/index.php\/plan-dacces\/","title":{"rendered":"Plan d&#8217;acc\u00e8s"},"content":{"rendered":"\n<p>Situ\u00e9 sur le chemin de Cureb\u00e9asse, \u00e0 proximit\u00e9 du CTM (Centre Technique Municipal) au c\u0153ur des b\u00e2timents mis \u00e0 disposition par la Mairie aux associations. Difficile de trouver si vous n&#8217;\u00eates pas Pug\u00e9tois, ce petit plan avec les coordonn\u00e9es GPS peut vous \u00eatre utile.<br><strong>43.459038, 6.696429<\/strong><\/p>\n\n\n\n<p><\/p>\n\n\n<div class=\"wp-block-image\">\n<figure class=\"aligncenter size-full\"><img loading=\"lazy\" decoding=\"async\" width=\"1004\" height=\"331\" src=\"http:\/\/amicale-ccff-pugetsurargens.org\/wp-content\/uploads\/2025\/02\/Local_GPS.jpg\" alt=\"\" class=\"wp-image-77\" srcset=\"https:\/\/amicale-ccff-pugetsurargens.org\/wp-content\/uploads\/2025\/02\/Local_GPS.jpg 1004w, https:\/\/amicale-ccff-pugetsurargens.org\/wp-content\/uploads\/2025\/02\/Local_GPS-300x99.jpg 300w, https:\/\/amicale-ccff-pugetsurargens.org\/wp-content\/uploads\/2025\/02\/Local_GPS-768x253.jpg 768w\" sizes=\"auto, (max-width: 1004px) 100vw, 1004px\" \/><\/figure>\n<\/div>\n\n\n<hr class=\"wp-block-separator has-alpha-channel-opacity is-style-wide\"\/>\n\n\n\n<p>Pour les puristes, voici les coordonn\u00e9es DFCI:<br><br><strong>LD42G9.3<\/strong><br><\/p>\n\n\n<div class=\"wp-block-image\">\n<figure class=\"aligncenter size-large\"><img loading=\"lazy\" decoding=\"async\" width=\"473\" height=\"1024\" src=\"http:\/\/amicale-ccff-pugetsurargens.org\/wp-content\/uploads\/2025\/02\/DFCI_Local-473x1024.png\" alt=\"\" class=\"wp-image-84\" srcset=\"https:\/\/amicale-ccff-pugetsurargens.org\/wp-content\/uploads\/2025\/02\/DFCI_Local-473x1024.png 473w, https:\/\/amicale-ccff-pugetsurargens.org\/wp-content\/uploads\/2025\/02\/DFCI_Local-138x300.png 138w, https:\/\/amicale-ccff-pugetsurargens.org\/wp-content\/uploads\/2025\/02\/DFCI_Local-768x1664.png 768w, https:\/\/amicale-ccff-pugetsurargens.org\/wp-content\/uploads\/2025\/02\/DFCI_Local-709x1536.png 709w, https:\/\/amicale-ccff-pugetsurargens.org\/wp-content\/uploads\/2025\/02\/DFCI_Local-945x2048.png 945w, https:\/\/amicale-ccff-pugetsurargens.org\/wp-content\/uploads\/2025\/02\/DFCI_Local.png 1080w\" sizes=\"auto, (max-width: 473px) 100vw, 473px\" \/><\/figure>\n<\/div>\n\n\n<hr class=\"wp-block-separator has-alpha-channel-opacity is-style-wide\"\/>\n\n\n\n<p><\/p>\n","protected":false},"excerpt":{"rendered":"<p>Situ\u00e9 sur le chemin de Cureb\u00e9asse, \u00e0 proximit\u00e9 du CTM (Centre Technique Municipal) au c\u0153ur des b\u00e2timents mis \u00e0 disposition par la Mairie aux associations. Difficile de trouver si vous n&#8217;\u00eates pas Pug\u00e9tois, ce petit plan avec les coordonn\u00e9es GPS peut vous \u00eatre utile.43.459038, 6.696429 Pour les puristes, voici les coordonn\u00e9es DFCI: LD42G9.3<\/p>\n","protected":false},"author":1,"featured_media":0,"parent":0,"menu_order":3,"comment_status":"closed","ping_status":"closed","template":"","meta":{"footnotes":""},"class_list":["post-78","page","type-page","status-publish","hentry"],"_links":{"self":[{"href":"https:\/\/amicale-ccff-pugetsurargens.org\/index.php\/wp-json\/wp\/v2\/pages\/78","targetHints":{"allow":["GET"]}}],"collection":[{"href":"https:\/\/amicale-ccff-pugetsurargens.org\/index.php\/wp-json\/wp\/v2\/pages"}],"about":[{"href":"https:\/\/amicale-ccff-pugetsurargens.org\/index.php\/wp-json\/wp\/v2\/types\/page"}],"author":[{"embeddable":true,"href":"https:\/\/amicale-ccff-pugetsurargens.org\/index.php\/wp-json\/wp\/v2\/users\/1"}],"replies":[{"embeddable":true,"href":"https:\/\/amicale-ccff-pugetsurargens.org\/index.php\/wp-json\/wp\/v2\/comments?post=78"}],"version-history":[{"count":7,"href":"https:\/\/amicale-ccff-pugetsurargens.org\/index.php\/wp-json\/wp\/v2\/pages\/78\/revisions"}],"predecessor-version":[{"id":125,"href":"https:\/\/amicale-ccff-pugetsurargens.org\/index.php\/wp-json\/wp\/v2\/pages\/78\/revisions\/125"}],"wp:attachment":[{"href":"https:\/\/amicale-ccff-pugetsurargens.org\/index.php\/wp-json\/wp\/v2\/media?parent=78"}],"curies":[{"name":"wp","href":"https:\/\/api.w.org\/{rel}","templated":true}]}}