{"id":206,"date":"2025-04-21T10:12:16","date_gmt":"2025-04-21T08:12:16","guid":{"rendered":"https:\/\/amicale-ccff-pugetsurargens.org\/?page_id=206"},"modified":"2025-04-21T10:32:05","modified_gmt":"2025-04-21T08:32:05","slug":"ouverture-des-massifs","status":"publish","type":"page","link":"https:\/\/amicale-ccff-pugetsurargens.org\/index.php\/ouverture-des-massifs\/","title":{"rendered":"Ouverture des massifs"},"content":{"rendered":"\n<p>Au regard des <strong>risques d\u2019incendie<\/strong>, la circulation des v\u00e9hicules et des pi\u00e9tons est soumise \u00e0 une r\u00e9glementation stricte dans les massifs forestiers. Certains circuits peuvent \u00eatre impraticables selon le niveau de danger.<\/p>\n\n\n\n<p><strong>Consultez la carte de l\u2019<a href=\"https:\/\/www.risque-prevention-incendie.fr\/var\/\" target=\"_blank\" rel=\"noreferrer noopener\">ouverture des massifs ICI<\/a><\/strong><\/p>\n\n\n\n<p>Il existe 4 niveaux de danger :<br>\u2013 <strong>Jaune <\/strong>: risque mod\u00e9r\u00e9 ; prudence<br>\u2013 <strong>Orange <\/strong>: risque s\u00e9v\u00e8re ; acc\u00e8s d\u00e9conseill\u00e9<br>\u2013 <strong>Rouge <\/strong>: risque tr\u00e8s s\u00e9v\u00e8re ; acc\u00e8s pi\u00e9ton interdit ; sur les voies avec panneau blanc cercl\u00e9 de rouge, l\u2019acc\u00e8s des v\u00e9hicules est interdit<br>\u2013 <strong>Noir <\/strong>: risque exceptionnel ; acc\u00e8s totalement interdit&nbsp;aux&nbsp;pi\u00e9tons et aux voitures.<\/p>\n\n\n\n<p>Pour vous tenir inform\u00e9, consultez la carte des zones \u00e0 risques mise en ligne quotidiennement par la pr\u00e9fecture, \u00e0 partir de 19h pour le lendemain, du <strong>21 juin au 30 septembre<\/strong>, ou bien sur le serveur vocal au num\u00e9ro <strong>04.89.96.43.43<\/strong><\/p>\n\n\n\n<h2 class=\"wp-block-heading\">J\u2019emporte avec moi<\/h2>\n\n\n\n<ul class=\"wp-block-list\">\n<li>Pour la <strong>randonn\u00e9e<\/strong>, des chaussures de sport montantes tenant bien la cheville et antid\u00e9rapantes.<\/li>\n\n\n\n<li>Pour les<strong> v\u00e9los<\/strong>, le port du casque est fortement recommand\u00e9.<\/li>\n\n\n\n<li>Un pique-nique et de l\u2019eau pour bien s\u2019hydrater (surtout les enfants qui sont les plus vuln\u00e9rables)<\/li>\n\n\n\n<li>Une trousse de premier secours<\/li>\n\n\n\n<li>Des v\u00eatements l\u00e9gers, lunettes, chapeau, et cr\u00e8me solaire (+ v\u00eatement chaud en cas de changement de temps)<\/li>\n\n\n\n<li>Votre portable, m\u00eame si le r\u00e9seau n\u2019est pas toujours disponible dans les massifs.<\/li>\n\n\n\n<li>La carte de l\u2019itin\u00e9raire et une boussole ou un GPS.<\/li>\n<\/ul>\n","protected":false},"excerpt":{"rendered":"<p>Au regard des risques d\u2019incendie, la circulation des v\u00e9hicules et des pi\u00e9tons est soumise \u00e0 une r\u00e9glementation stricte dans les massifs forestiers. Certains circuits peuvent \u00eatre impraticables selon le niveau de danger. Consultez la carte de l\u2019ouverture des massifs ICI Il existe 4 niveaux de danger :\u2013 Jaune : risque mod\u00e9r\u00e9 ; prudence\u2013 Orange : risque s\u00e9v\u00e8re ; acc\u00e8s d\u00e9conseill\u00e9\u2013 Rouge : risque tr\u00e8s s\u00e9v\u00e8re ; acc\u00e8s pi\u00e9ton interdit ; sur les voies avec panneau blanc cercl\u00e9 de rouge, l\u2019acc\u00e8s&#8230;<\/p>\n<p class=\"read-more\"><a class=\"btn btn-default\" href=\"https:\/\/amicale-ccff-pugetsurargens.org\/index.php\/ouverture-des-massifs\/\"> Read More<span class=\"screen-reader-text\">  Read More<\/span><\/a><\/p>\n","protected":false},"author":1,"featured_media":0,"parent":0,"menu_order":0,"comment_status":"closed","ping_status":"closed","template":"","meta":{"footnotes":""},"class_list":["post-206","page","type-page","status-publish","hentry"],"_links":{"self":[{"href":"https:\/\/amicale-ccff-pugetsurargens.org\/index.php\/wp-json\/wp\/v2\/pages\/206","targetHints":{"allow":["GET"]}}],"collection":[{"href":"https:\/\/amicale-ccff-pugetsurargens.org\/index.php\/wp-json\/wp\/v2\/pages"}],"about":[{"href":"https:\/\/amicale-ccff-pugetsurargens.org\/index.php\/wp-json\/wp\/v2\/types\/page"}],"author":[{"embeddable":true,"href":"https:\/\/amicale-ccff-pugetsurargens.org\/index.php\/wp-json\/wp\/v2\/users\/1"}],"replies":[{"embeddable":true,"href":"https:\/\/amicale-ccff-pugetsurargens.org\/index.php\/wp-json\/wp\/v2\/comments?post=206"}],"version-history":[{"count":2,"href":"https:\/\/amicale-ccff-pugetsurargens.org\/index.php\/wp-json\/wp\/v2\/pages\/206\/revisions"}],"predecessor-version":[{"id":219,"href":"https:\/\/amicale-ccff-pugetsurargens.org\/index.php\/wp-json\/wp\/v2\/pages\/206\/revisions\/219"}],"wp:attachment":[{"href":"https:\/\/amicale-ccff-pugetsurargens.org\/index.php\/wp-json\/wp\/v2\/media?parent=206"}],"curies":[{"name":"wp","href":"https:\/\/api.w.org\/{rel}","templated":true}]}}

<p>Au regard des <strong>risques d’incendie</strong>, la circulation des véhicules et des piétons est soumise à une réglementation stricte dans les massifs forestiers. Certains circuits peuvent être impraticables selon le niveau de danger.</p>



<p><strong>Consultez la carte de l’<a href="https://www.risque-prevention-incendie.fr/var/" target="_blank" rel="noreferrer noopener">ouverture des massifs ICI</a></strong></p>



<p>Il existe 4 niveaux de danger :<br>– <strong>Jaune </strong>: risque modéré ; prudence<br>– <strong>Orange </strong>: risque sévère ; accès déconseillé<br>– <strong>Rouge </strong>: risque très sévère ; accès piéton interdit ; sur les voies avec panneau blanc cerclé de rouge, l’accès des véhicules est interdit<br>– <strong>Noir </strong>: risque exceptionnel ; accès totalement interdit&nbsp;aux&nbsp;piétons et aux voitures.</p>



<p>Pour vous tenir informé, consultez la carte des zones à risques mise en ligne quotidiennement par la préfecture, à partir de 19h pour le lendemain, du <strong>21 juin au 30 septembre</strong>, ou bien sur le serveur vocal au numéro <strong>04.89.96.43.43</strong></p>



<h2 class="wp-block-heading">J’emporte avec moi</h2>



<ul class="wp-block-list">
<li>Pour la <strong>randonnée</strong>, des chaussures de sport montantes tenant bien la cheville et antidérapantes.</li>



<li>Pour les<strong> vélos</strong>, le port du casque est fortement recommandé.</li>



<li>Un pique-nique et de l’eau pour bien s’hydrater (surtout les enfants qui sont les plus vulnérables)</li>



<li>Une trousse de premier secours</li>



<li>Des vêtements légers, lunettes, chapeau, et crème solaire (+ vêtement chaud en cas de changement de temps)</li>



<li>Votre portable, même si le réseau n’est pas toujours disponible dans les massifs.</li>



<li>La carte de l’itinéraire et une boussole ou un GPS.</li>
</ul>

<p>Au regard des risques d’incendie, la circulation des véhicules et des piétons est soumise à une réglementation stricte dans les massifs forestiers. Certains circuits peuvent être impraticables selon le niveau de danger. Consultez la carte de l’ouverture des massifs ICI Il existe 4 niveaux de danger :– Jaune : risque modéré ; prudence– Orange : risque sévère ; accès déconseillé– Rouge : risque très sévère ; accès piéton interdit ; sur les voies avec panneau blanc cerclé de rouge, l’accès&#8230;</p>
<p class="read-more"><a class="btn btn-default" href="https://amicale-ccff-pugetsurargens.org/index.php/ouverture-des-massifs/"> Read More<span class="screen-reader-text">  Read More</span></a></p>
